8
Suppose -3*b + 13 - 1 = 0. Suppose 8*l = 4*x + 3*l - 33, 0 = -5*x + b*l + 48. What is the highest common divisor of 6 and x?
6
Suppose 4 + 8 = -4*z. Let u be z/(-1 + 3/12). Suppose 0 = -m + 3*c - 32 + 128, 0 = u*m - 3*c - 339. Calculate the greatest common factor of 9 and m.
9
Let f(c) = 9*c**2 + c + 1. Let z be f(-2). Suppose -5*b - z = -0*b. Let k = -3 - b. What is the greatest common factor of 8 and k?
4
Suppose 5*f + 19 = 2*c - 1, -29 = -5*c + 2*f. Suppose -11 = c*h - 51. Calculate the highest common divisor of h and 8.
8
Let c = 11 + -8. Let u be c/2*(-16)/(-6). What is the highest common factor of 28 and u?
4
Suppose 0 = -2*p + 49 + 1. What is the highest common factor of 5 and p?
5
Let f(i) = i**2 + 6*i - 1. Let x be f(-7). Calculate the greatest common factor of x and 66.
6
Suppose 0*m = 2*m - 16. Suppose -105 = -4*n + 3*o, -2*o - 3 - 3 = 0. Calculate the highest common factor of n and m.
8
Suppose -10 = -2*x, x = -0*f + 4*f - 23. Let i(k) = k + 4. Let z be i(f). What is the greatest common divisor of z and 33?
11
Let k be (-8)/(-1)*3/(-6). Let f = k + 6. What is the highest common divisor of f and 14?
2
Let w = -19 - -22. Suppose w*h + 5*q - 787 = 0, 2*h - 446 = -5*q + 77. Calculate the greatest common factor of h and 24.
24
Let x(u) be the third derivative of u**5/10 - 3*u**4/8 - 4*u**2. Let m be x(6). Calculate the highest common divisor of 18 and m.
18
Suppose k = 4*x + 36, 3*k - 89 + 9 = -2*x. Suppose 12 = 2*c + c. What is the greatest common divisor of c and k?
4
Let o(s) = 7*s - 165. Let x(y) = -y. Let b be (1 + -1)/3 + -1. Let r(j) = b*o(j) - 6*x(j). Let a be r(0). What is the highest common divisor of a and 15?
15
Suppose 2*v = -n - 15, 5*n + 2 = 3*v - 34. Let h be ((-6)/n)/(8/60). Calculate the highest common divisor of 25 and h.
5
Suppose -2*h + 0*h + 168 = 0. Suppose -11*b + 50 = -6*b + 4*c, 4*b = 3*c + 71. What is the greatest common divisor of h and b?
14
Let a = -76 - -84. Calculate the highest common factor of a and 40.
8
Let a(y) be the third derivative of 5/24*y**4 + 1/60*y**5 + 0 - y**2 + y**3 + 0*y. Let u be a(-6). What is the highest common factor of 6 and u?
6
Suppose 5 + 3 = 4*k. Suppose k*d = 75 + 51. Let m(y) = -2*y - 9. Let c be m(-9). Calculate the highest common factor of c and d.
9
Let c = 3 + 1. Suppose 0 = -3*s - 1 - 2, 5*u - 157 = -3*s. What is the highest common factor of c and u?
4
Let b = 31 - 14. Let l be 2046/11 + (0 + 1 - 0). What is the greatest common factor of b and l?
17
Let x = -51 - -72. Calculate the highest common divisor of x and 21.
21
Suppose -2*a = 2*a - 20. Calculate the highest common factor of a and 1.
1
Let q be 4 + -3 + 1 - -13. Suppose 4*y = y + q. Let n = y + -1. What is the greatest common factor of n and 44?
4
Let k = -6 - -3. Let z(l) = -4*l + 3*l - 5*l. Let m be z(k). Calculate the greatest common divisor of 198 and m.
18
Let y(n) = 2*n + 15. Let g be y(11). What is the highest common divisor of g and 296?
37
Let c(m) = -7*m - 32. Let y be c(-8). Calculate the greatest common factor of y and 12.
12
Suppose -4*y = -3*k + 38, 4*y + 4 - 8 = 0. Let v be 584/6 + 4/6. Calculate the greatest common factor of v and k.
14
Suppose 4*v = -v + 520. Suppose -o - 34 = -4*d + 21, -1 = -d - 4*o. Calculate the highest common divisor of v and d.
13
Let w(c) = -2*c. Let x be w(-5). Suppose -2*a + 4*a = -x. Let g be (-298)/a - 8/(-20). Calculate the highest common divisor of g and 12.
12
Suppose 12 + 38 = 2*a. What is the highest common factor of 5 and a?
5
Let t = 48 + -29. What is the greatest common factor of 209 and t?
19
Let d be 0*(2/(-1) + 1). Suppose 0 = -d*c - c + 7. What is the highest common divisor of 14 and c?
7
Suppose 3*o + 3*v = 21, -2*o - 3*v + 0*v = -9. Let l be 107/3 + 3/9. Calculate the greatest common divisor of l and o.
12
Let w be 69*4/12*1. Suppose -3 = 5*j - w. Calculate the highest common factor of 44 and j.
4
Let g be 360/(-50) - (-2)/10. Let i = g + 8. Let a(l) = 19*l**2 - l. Let c be a(i). What is the highest common factor of c and 9?
9
Suppose -3*n + 108 - 12 = 0. What is the greatest common divisor of 48 and n?
16
Suppose -4*c - 658 = 3*n - 8*n, 2*n - 250 = -5*c. Let p(z) = -z**3 + 18*z**2 + 19*z + 13. Let o be p(19). Calculate the greatest common divisor of o and n.
13
Let c(w) = 6*w - 2. Let k be c(1). What is the highest common factor of k and 1?
1
Suppose 0*b + 7*b - 49 = 0. Calculate the greatest common factor of b and 35.
7
Let d be (0 - 1)/(11/(-748)). Let y(q) = -q**2 + 8*q - 7. Let n be y(7). Let f(j) = j**2 + 17. Let r be f(n). What is the greatest common factor of d and r?
17
Let u(z) = -2*z**3 + 1. Let d be u(-2). Suppose 2*x - 12 = 5*x, 0 = 2*m + 3*x - 90. What is the highest common divisor of d and m?
17
Let f = -71 - -30. Let z = 76 + f. Suppose -5*c + 0*c = -z. Calculate the greatest common divisor of 1 and c.
1
Let b be (-1 + 5 + 24)*1. Calculate the greatest common factor of b and 140.
28
Let x(u) = -u**2 - 6*u + 2. Let s be x(-5). Let b(y) = -y**2 + 4. Let i be b(-2). Let r be (-2)/(i - 4/84). Calculate the highest common factor of s and r.
7
Suppose -2*u + 6*u - 756 = 0. Calculate the highest common factor of 21 and u.
21
Let n = 7 - 4. Let x be ((-1)/n)/((-3)/81). Let m be 14/(-1)*x/(-2). Calculate the greatest common divisor of 9 and m.
9
Let i = 114 - 101. Calculate the highest common divisor of 143 and i.
13
Let a(v) = 3*v**2 - 6*v + 5. Let n be a(7). Suppose -170 = 2*g - 7*g. Suppose -3*w + g = 4. Calculate the greatest common divisor of n and w.
10
Suppose -4*p + 39 = 3*c - 22, -5*c + 98 = 3*p. Calculate the greatest common divisor of c and 19.
19
Suppose -27 = -5*m + 8. Calculate the highest common factor of m and 1.
1
Suppose 0 = -4*f - 10 - 6, q + 3*f = 12. What is the greatest common divisor of q and 8?
8
Let i be (-44)/(-5)*(-100)/(-8). Let m = 17 - 7. What is the highest common factor of i and m?
10
Let c(h) be the third derivative of -h**4/6 - h**3 - h**2. Let n be ((-8)/(-5))/(4/(-10)). Let u be c(n). Calculate the highest common divisor of u and 110.
10
Let b = 5 - 6. Let j be b/(-3 + 1 + 1). Calculate the greatest common factor of 7 and j.
1
Let f(p) = 1 - 19*p - 9*p - 14*p - 33*p. Let y be f(-1). What is the greatest common factor of 19 and y?
19
Suppose -5*n + 377 = -343. Let x = 17 - 1. Calculate the highest common factor of n and x.
16
Suppose -28 - 17 = -15*n. Calculate the greatest common factor of n and 33.
3
Let g be -5 - (5 - 9) - -27. Calculate the highest common divisor of g and 338.
26
Let v(a) = a**2 + 15*a - 32. Let d be v(-17). What is the greatest common divisor of d and 22?
2
Suppose -2*q + 8 = -2*w, -2*w + 0*q = 3*q - 17. Let y be (-2)/w*9/6. Let m be (18/(-5))/(y/40). Calculate the highest common factor of 16 and m.
16
Suppose 0 = 2*p - 354 - 20. Calculate the greatest common factor of 11 and p.
11
Let f be (-9)/6 - (-57)/2. Let u be 2/3 + (-14)/(-6). Calculate the greatest common factor of u and f.
3
Suppose 2*o - 26 = -s, 0*s - 4*s = 4*o - 108. Let z = 7 + -3. What is the highest common factor of s and z?
4
Suppose c = -3*c + 4. Let z be 2 + -3 + (3 - c). Calculate the highest common factor of 4 and z.
1
Let i be 3/(-2) + (-21)/2. Let g be (-3230)/(-22) - i/66. Let w(s) = -s**3 + 9*s**2 - 4*s - 11. Let f be w(8). What is the greatest common divisor of g and f?
21
Let a = -6 + 24. Suppose 7*k - 3*k - 16 = 0. Suppose -b + k*r + a = 0, -3*b + 112 = b + 4*r. What is the greatest common factor of 39 and b?
13
Let n = 4 + 1. Suppose -n*h - 10 = -30. Calculate the highest common divisor of h and 12.
4
Let x(f) = f**2 - 8*f + 8. Let j be x(8). Let y be 396/10 + 2/5. Suppose -y = -2*s - j. Calculate the highest common factor of s and 8.
8
Suppose 4*c = -c. Suppose -2*h - f + 13 = 0, -4*h + f - 6*f + 17 = c. What is the highest common factor of h and 56?
8
Let q = -48 - -128. Suppose 35 = h + 3*h - t, t - 35 = -3*h. Calculate the highest common divisor of h and q.
10
Let y(r) = -r + 13. Let h(d) = -d + 1. Let t be h(1). Let z be y(t). What is the greatest common factor of z and 65?
13
Let n be (4/3)/((-4)/(-24)). Calculate the greatest common divisor of n and 88.
8
Let m = 4 + 4. Let w = m + -5. Suppose 1 = -8*d + 217. Calculate the greatest common divisor of w and d.
3
Suppose -2*r + 9 = -o, -3*r + 17 = -0*o + 